{"id":2554,"date":"2023-04-25T11:32:50","date_gmt":"2023-04-25T15:32:50","guid":{"rendered":"https:\/\/www.funproeibandes.org\/?page_id=2554"},"modified":"2023-04-25T11:32:51","modified_gmt":"2023-04-25T15:32:51","slug":"diplomado-en-culturas-y-lenguas-2","status":"publish","type":"page","link":"https:\/\/old.funproeibandes.org\/?page_id=2554","title":{"rendered":"Diplomado en Culturas y Lenguas"},"content":{"rendered":"\n<h2 class=\"has-large-font-size wp-block-heading\"><strong>A<\/strong>NTECEDENTES<\/h2>\n\n\n\n<p>Desde el a\u00f1o 2018 la Funproeib Andes, en coordinaci\u00f3n con el Departamento de Posgrado de la Facultad de Humanidades y Ciencias de la Educaci\u00f3n de la Universidad Mayor de San Sim\u00f3n (UMSS), implementa el programa de Diplomado en Culturas y Lenguas.  En las versiones del programa se han elaborado m\u00e1s de 50 proyectos de revitalizaci\u00f3n cultural y ling\u00fc\u00edstica a partir de problemas, demandas y necesidades identificadas en los diagn\u00f3sticos socioling\u00fc\u00edsticos.<\/p>\n\n\n\n<p>El Diplomado es una iniciativa institucional para contribuir en la reversi\u00f3n del desplazamiento ling\u00fc\u00edstico mediante la formaci\u00f3n de agentes revitalizadores. La finalidad es la formaci\u00f3n de investigadores y emprendedores ind\u00edgenas y no ind\u00edgenas para que asuman la defensa de sus lenguas y planteen propuestas para incidir en su desarrollo, mantenimiento y revitalizaci\u00f3n desde diferentes \u00e1mbitos de acci\u00f3n, estrategias y niveles de alcance.&nbsp; Este programa es parte del proyecto \u201cEducaci\u00f3n superior intercultural\u201d y cuenta con el apoyo financiero del Fondo de Asistencia Internacional de los Estudiantes y Acad\u00e9micos Noruegos (SAIH).<\/p>\n\n\n\n<p class=\"has-large-font-size\"><strong>ACTIVIDADES<\/strong><\/p>\n\n\n<div class=\"wp-block-image\">\n<figure class=\"alignright size-large is-resized\"><img loading=\"lazy\" decoding=\"async\" src=\"https:\/\/www.funproeibandes.org\/wp-content\/uploads\/2023\/04\/afiche-ultimo-B-847x1024.jpg\" alt=\"\" class=\"wp-image-2556\" width=\"194\" height=\"235\" srcset=\"https:\/\/old.funproeibandes.org\/wp-content\/uploads\/2023\/04\/afiche-ultimo-B-847x1024.jpg 847w, https:\/\/old.funproeibandes.org\/wp-content\/uploads\/2023\/04\/afiche-ultimo-B-248x300.jpg 248w, https:\/\/old.funproeibandes.org\/wp-content\/uploads\/2023\/04\/afiche-ultimo-B-768x928.jpg 768w, https:\/\/old.funproeibandes.org\/wp-content\/uploads\/2023\/04\/afiche-ultimo-B-1271x1536.jpg 1271w, https:\/\/old.funproeibandes.org\/wp-content\/uploads\/2023\/04\/afiche-ultimo-B-750x906.jpg 750w, https:\/\/old.funproeibandes.org\/wp-content\/uploads\/2023\/04\/afiche-ultimo-B.jpg 1324w\" sizes=\"(max-width: 194px) 100vw, 194px\" \/><\/figure><\/div>\n\n\n<p><strong>1.- Implementaci\u00f3n del Diplomado en Culturas y lenguas en su  6\u00aa versi\u00f3n<\/strong><\/p>\n\n\n\n<p>El curso alberga a profesionales de distintas \u00e1reas de formaci\u00f3n de pueblos ind\u00edgenas de tierras altas y tierras bajas y a j\u00f3venes egresados de la Facultad de Humanidades y Ciencias de la Educaci\u00f3n en modalidad de titulaci\u00f3n. \u00a0\u00a0Esta oferta acad\u00e9mica se caracteriza por tener un componente investigativo de diagn\u00f3stico socioling\u00fc\u00edstico y por promover a que los diplomantes realicen propuestas de revitalizaci\u00f3n cultural y ling\u00fc\u00edstica para los contextos en que se trabajan.<\/p>\n\n\n\n<p><\/p>\n\n\n\n<p><\/p>\n\n\n\n<p><strong>2.- Implementaci\u00f3n de  proyectos de revitalizaci\u00f3n cultural y ling\u00fc\u00edstica con titulados de la 4\u00ba versi\u00f3n<\/strong><\/p>\n\n\n<div class=\"wp-block-image\">\n<figure class=\"alignleft size-large is-resized\"><img loading=\"lazy\" decoding=\"async\" src=\"https:\/\/www.funproeibandes.org\/wp-content\/uploads\/2023\/04\/DSC02497-1024x576.jpg\" alt=\"\" class=\"wp-image-2557\" width=\"307\" height=\"172\" srcset=\"https:\/\/old.funproeibandes.org\/wp-content\/uploads\/2023\/04\/DSC02497-1024x576.jpg 1024w, https:\/\/old.funproeibandes.org\/wp-content\/uploads\/2023\/04\/DSC02497-300x169.jpg 300w, https:\/\/old.funproeibandes.org\/wp-content\/uploads\/2023\/04\/DSC02497-768x432.jpg 768w, https:\/\/old.funproeibandes.org\/wp-content\/uploads\/2023\/04\/DSC02497-1536x864.jpg 1536w, https:\/\/old.funproeibandes.org\/wp-content\/uploads\/2023\/04\/DSC02497-2048x1151.jpg 2048w, https:\/\/old.funproeibandes.org\/wp-content\/uploads\/2023\/04\/DSC02497-750x422.jpg 750w\" sizes=\"(max-width: 307px) 100vw, 307px\" \/><\/figure><\/div>\n\n\n<p>Este fondo est\u00e1 destinado a otorgar apoyo t\u00e9cnico y econ\u00f3mico a egresados del Diplomado en Culturas y Lenguas que de manera individual o asociativa requieren financiamiento para materializar sus proyectos de revitalizaci\u00f3n realizado en una primera etapa de formaci\u00f3n. Actualmente son cinco proyectos que reciben apoyo por un periodo de cuatro meses para llevar a cabo sus principales actividades.<\/p>\n\n\n\n<p><\/p>\n\n\n\n<p><\/p>\n\n\n\n<p><strong>3.- Sistematizaci\u00f3n de la implementaci\u00f3n de los proyectos de revitalizaci\u00f3n cultural y ling\u00fc\u00edstica<\/strong><\/p>\n\n\n<div class=\"wp-block-image\">\n<figure class=\"alignright size-large is-resized\"><img loading=\"lazy\" decoding=\"async\" src=\"https:\/\/www.funproeibandes.org\/wp-content\/uploads\/2023\/04\/IMG_20221217_160631-1-1024x768.jpg\" alt=\"\" class=\"wp-image-2558\" width=\"323\" height=\"242\" srcset=\"https:\/\/old.funproeibandes.org\/wp-content\/uploads\/2023\/04\/IMG_20221217_160631-1-1024x768.jpg 1024w, https:\/\/old.funproeibandes.org\/wp-content\/uploads\/2023\/04\/IMG_20221217_160631-1-300x225.jpg 300w, https:\/\/old.funproeibandes.org\/wp-content\/uploads\/2023\/04\/IMG_20221217_160631-1-768x576.jpg 768w, https:\/\/old.funproeibandes.org\/wp-content\/uploads\/2023\/04\/IMG_20221217_160631-1-1536x1152.jpg 1536w, https:\/\/old.funproeibandes.org\/wp-content\/uploads\/2023\/04\/IMG_20221217_160631-1-2048x1536.jpg 2048w, https:\/\/old.funproeibandes.org\/wp-content\/uploads\/2023\/04\/IMG_20221217_160631-1-750x563.jpg 750w\" sizes=\"(max-width: 323px) 100vw, 323px\" \/><\/figure><\/div>\n\n\n<p>En el marco del fondo de apoyo a proyectos de revitalizaci\u00f3n, se realiza la sistematizaci\u00f3n de estas experiencias con el objetivo de recuperar resultados, factores clave y lecciones aprendidas que ayuden a comprender la revitalizaci\u00f3n ling\u00fc\u00edstica desde su dimensi\u00f3n pr\u00e1ctica.<\/p>\n\n\n\n<p><\/p>\n\n\n\n<p><strong>4.- Compilaci\u00f3n de proyectos de revitalizaci\u00f3n cultural y ling\u00fc\u00edsticas realizadas por graduados de los diplomados para su difusi\u00f3n<\/strong><\/p>\n\n\n\n<p>La Funproeib Andes ha decidido compartir las actividades que desarrolla a favor de la educaci\u00f3n, las lenguas y culturas ind\u00edgenas en Bolivia. En ese sentido, los proyectos de revitalizaci\u00f3n cultural y ling\u00fc\u00edstica elaborados por egresados de las distintas versiones del Diplomado en Culturas y Lenguas se compilar\u00e1n y difundir\u00e1n con las instancias gubernamentales y organizaciones ind\u00edgenas interesados en la tem\u00e1tica.<\/p>\n\n\n\n<p><strong>5- Realizaci\u00f3n de evento virtual sobre revitalizaci\u00f3n cultural y ling\u00fc\u00edstica<\/strong><\/p>\n\n\n\n<p><strong>6.- Socializaci\u00f3n de diagn\u00f3sticos socioling\u00fc\u00edsticos a trav\u00e9s de cu\u00f1as radiales a comunidades urbanas y periurbanas<\/strong><\/p>\n","protected":false},"excerpt":{"rendered":"<p>ANTECEDENTES Desde el a\u00f1o 2018 la Funproeib Andes, en coordinaci\u00f3n con el Departamento de Posgrado de la Facultad de Humanidades y Ciencias de la Educaci\u00f3n de la Universidad Mayor de San Sim\u00f3n (UMSS), implementa el programa de Diplomado en Culturas y Lenguas. En las versiones del programa se han elaborado m\u00e1s de 50 proyectos de &hellip; <\/p>\n<p><a class=\"more-link btn\" href=\"https:\/\/old.funproeibandes.org\/?page_id=2554\">Seguir leyendo<\/a><\/p>\n","protected":false},"author":3,"featured_media":0,"parent":0,"menu_order":0,"comment_status":"closed","ping_status":"closed","template":"","meta":{"footnotes":"","_joinchat":[]},"_links":{"self":[{"href":"https:\/\/old.funproeibandes.org\/index.php?rest_route=\/wp\/v2\/pages\/2554"}],"collection":[{"href":"https:\/\/old.funproeibandes.org\/index.php?rest_route=\/wp\/v2\/pages"}],"about":[{"href":"https:\/\/old.funproeibandes.org\/index.php?rest_route=\/wp\/v2\/types\/page"}],"author":[{"embeddable":true,"href":"https:\/\/old.funproeibandes.org\/index.php?rest_route=\/wp\/v2\/users\/3"}],"replies":[{"embeddable":true,"href":"https:\/\/old.funproeibandes.org\/index.php?rest_route=%2Fwp%2Fv2%2Fcomments&post=2554"}],"version-history":[{"count":1,"href":"https:\/\/old.funproeibandes.org\/index.php?rest_route=\/wp\/v2\/pages\/2554\/revisions"}],"predecessor-version":[{"id":2559,"href":"https:\/\/old.funproeibandes.org\/index.php?rest_route=\/wp\/v2\/pages\/2554\/revisions\/2559"}],"wp:attachment":[{"href":"https:\/\/old.funproeibandes.org\/index.php?rest_route=%2Fwp%2Fv2%2Fmedia&parent=2554"}],"curies":[{"name":"wp","href":"https:\/\/api.w.org\/{rel}","templated":true}]}}