{"id":1530,"date":"2021-08-29T00:05:53","date_gmt":"2021-08-29T04:05:53","guid":{"rendered":"http:\/\/www.funproeibandes.org\/?page_id=1530"},"modified":"2021-08-29T00:05:54","modified_gmt":"2021-08-29T04:05:54","slug":"investigaciones-sobre-educacion-superior-intercultural-culturas-y-lenguas-indigenas-en-bolivia-2021","status":"publish","type":"page","link":"https:\/\/old.funproeibandes.org\/?page_id=1530","title":{"rendered":"Investigaciones sobre educaci\u00f3n superior intercultural, culturas y lenguas ind\u00edgenas en Bolivia (2021)"},"content":{"rendered":"\n<p align=\"justify\">El subproyecto 1 tiene por objetivo: Contribuir a la construcci\u00f3n de la educaci\u00f3n superior intercultural mediante pasant\u00edas e investigaciones emp\u00edricas y comparadas sobre culturas y lenguas ind\u00edgenas.<\/p>\n<p align=\"justify\">Durante la gesti\u00f3n 2021, la Funproeib Andes realizar\u00e1 las siguientes actividades:<\/p>\n<p align=\"justify\">La primera, ejecutar el Diplomado en Investigaci\u00f3n y Tutor\u00eda de Tesis en su 3.a versi\u00f3n, para docentes y profesionales de la regi\u00f3n.<\/p>\n<p align=\"justify\">Segunda, se apoyar\u00e1 la realizaci\u00f3n 6 tesis de pregrado 3 en las facultades de Humanidades y Ciencias de Educaci\u00f3n, y 3 en Ciencias Sociales de la UMSS.<\/p>\n<p align=\"justify\">Tercera, se realizar\u00e1 una investigaci\u00f3n comparativa sobre las capacidades de resiliencia ind\u00edgena frente a la COVID-19. Estas ser\u00e1n ejecutadas por Universidad del Cauca y graduados del PROEIB.<\/p>\n<p align=\"justify\">Cuarta, se realizar\u00e1 un seminario regional, el mismo presentar\u00e1 los resultados e impactos de 4 a\u00f1os de ejecuci\u00f3n de proyectos de la Fundaci\u00f3n.<\/p>\n\n","protected":false},"excerpt":{"rendered":"<p>El subproyecto 1 tiene por objetivo: Contribuir a la construcci\u00f3n de la educaci\u00f3n superior intercultural mediante pasant\u00edas e investigaciones emp\u00edricas y comparadas sobre culturas y lenguas ind\u00edgenas. Durante la gesti\u00f3n 2021, la Funproeib Andes realizar\u00e1 las siguientes actividades: La primera, ejecutar el Diplomado en Investigaci\u00f3n y Tutor\u00eda de Tesis en su 3.a versi\u00f3n, para docentes &hellip; <\/p>\n<p><a class=\"more-link btn\" href=\"https:\/\/old.funproeibandes.org\/?page_id=1530\">Seguir leyendo<\/a><\/p>\n","protected":false},"author":3,"featured_media":0,"parent":0,"menu_order":0,"comment_status":"closed","ping_status":"closed","template":"","meta":{"footnotes":"","_joinchat":[]},"_links":{"self":[{"href":"https:\/\/old.funproeibandes.org\/index.php?rest_route=\/wp\/v2\/pages\/1530"}],"collection":[{"href":"https:\/\/old.funproeibandes.org\/index.php?rest_route=\/wp\/v2\/pages"}],"about":[{"href":"https:\/\/old.funproeibandes.org\/index.php?rest_route=\/wp\/v2\/types\/page"}],"author":[{"embeddable":true,"href":"https:\/\/old.funproeibandes.org\/index.php?rest_route=\/wp\/v2\/users\/3"}],"replies":[{"embeddable":true,"href":"https:\/\/old.funproeibandes.org\/index.php?rest_route=%2Fwp%2Fv2%2Fcomments&post=1530"}],"version-history":[{"count":1,"href":"https:\/\/old.funproeibandes.org\/index.php?rest_route=\/wp\/v2\/pages\/1530\/revisions"}],"predecessor-version":[{"id":1531,"href":"https:\/\/old.funproeibandes.org\/index.php?rest_route=\/wp\/v2\/pages\/1530\/revisions\/1531"}],"wp:attachment":[{"href":"https:\/\/old.funproeibandes.org\/index.php?rest_route=%2Fwp%2Fv2%2Fmedia&parent=1530"}],"curies":[{"name":"wp","href":"https:\/\/api.w.org\/{rel}","templated":true}]}}