{"id":1481,"date":"2021-08-26T14:05:39","date_gmt":"2021-08-26T18:05:39","guid":{"rendered":"http:\/\/www.funproeibandes.org\/?page_id=1481"},"modified":"2022-03-02T20:18:19","modified_gmt":"2022-03-03T00:18:19","slug":"tesis-apoyadas","status":"publish","type":"page","link":"https:\/\/old.funproeibandes.org\/?page_id=1481","title":{"rendered":"Tesis apoyadas"},"content":{"rendered":"\n<!-- Generado usando Document Gallery. Obtenga el suyo aqu\u00ed:http:\/\/wordpress.org\/extend\/plugins\/document-gallery -->\n<div id=\"document-gallery-1\" class=\"document-gallery\" data-shortcode='{\"id\":1481,\"include\":\"1496,1495,1494,1493,650,653,652,1868,1869,1870,1871,1872,1873\",\"exclude\":\"\",\"columns\":4,\"fancy\":true,\"order\":\"ASC\",\"orderby\":\"post__in\",\"relation\":\"AND\",\"limit\":-1,\"mime_types\":\"application,video,text,audio,image\",\"new_window\":true,\"paginate\":true,\"post_status\":\"any\",\"post_type\":\"attachment\",\"attachment_pg\":false,\"descriptions\":false,\"skip\":0}' data-icon-width='24'>\n<div class='document-icon-row'>\n   <div class=\"document-icon\">\n      <a href=\"https:\/\/old.funproeibandes.org\/wp-content\/uploads\/2021\/08\/Saberres-tradicionales-de-plantas-tradicionales-Comunidad-Ovejeria.pdf\" target=\"_blank\">\n         <img decoding=\"async\" src=\"https:\/\/old.funproeibandes.org\/wp-content\/plugins\/document-gallery\/assets\/icons\/pdf.png\" title=\"Saberes tradicionales de plantas medicinales tradicionales &#8211; Comunidad Ovejer\u00eda\" alt=\"Saberes tradicionales de plantas medicinales tradicionales &#8211; Comunidad Ovejer\u00eda\" data-ext=\"pdf\"\/>\n         <span class=\"title\">Saberes tradicionales de plantas medicinales tradicionales &#8211; Comunidad Ovejer\u00eda<\/span>\n      <\/a>\n   <\/div>\n   <div class=\"document-icon\">\n      <a href=\"https:\/\/old.funproeibandes.org\/wp-content\/uploads\/2021\/08\/Rupturas-y-continuidades-identitarias-contexto-migratorio.pdf\" target=\"_blank\">\n         <img decoding=\"async\" src=\"https:\/\/old.funproeibandes.org\/wp-content\/plugins\/document-gallery\/assets\/icons\/pdf.png\" title=\"Rupturas y continuidades identitarias &#8211; contexto migratorio\" alt=\"Rupturas y continuidades identitarias &#8211; contexto migratorio\" data-ext=\"pdf\"\/>\n         <span class=\"title\">Rupturas y continuidades identitarias &#8211; contexto migratorio<\/span>\n      <\/a>\n   <\/div>\n   <div class=\"document-icon\">\n      <a href=\"https:\/\/old.funproeibandes.org\/wp-content\/uploads\/2021\/08\/Politicas-linguisticas-el-uso-de-la-lengua-qeuchua.pdf\" target=\"_blank\">\n         <img decoding=\"async\" src=\"https:\/\/old.funproeibandes.org\/wp-content\/plugins\/document-gallery\/assets\/icons\/pdf.png\" title=\"Pol\u00edticas ling\u00fc\u00edsticas &#8211; el uso de la lengua quechua\" alt=\"Pol\u00edticas ling\u00fc\u00edsticas &#8211; el uso de la lengua quechua\" data-ext=\"pdf\"\/>\n         <span class=\"title\">Pol\u00edticas ling\u00fc\u00edsticas &#8211; el uso de la lengua quechua<\/span>\n      <\/a>\n   <\/div>\n   <div class=\"document-icon\">\n      <a href=\"https:\/\/old.funproeibandes.org\/wp-content\/uploads\/2021\/08\/Analisis-semantico-DSG-Cochabamba.pdf\" target=\"_blank\">\n         <img decoding=\"async\" src=\"https:\/\/old.funproeibandes.org\/wp-content\/plugins\/document-gallery\/assets\/icons\/pdf.png\" title=\"An\u00e1lisis sem\u00e1ntico DSG Cochabamba\" alt=\"An\u00e1lisis sem\u00e1ntico DSG Cochabamba\" data-ext=\"pdf\"\/>\n         <span class=\"title\">An\u00e1lisis sem\u00e1ntico DSG Cochabamba<\/span>\n      <\/a>\n   <\/div>\n\n<\/div>\n<div class='document-icon-row'>\n   <div class=\"document-icon\">\n      <a href=\"https:\/\/old.funproeibandes.org\/wp-content\/uploads\/2019\/04\/Tesis-Florentina-Mart\u00ednez-Ticona.pdf\" target=\"_blank\">\n         <img decoding=\"async\" src=\"https:\/\/old.funproeibandes.org\/wp-content\/plugins\/document-gallery\/assets\/icons\/pdf.png\" title=\"Din\u00e1micas territoriales historia oral\" alt=\"Din\u00e1micas territoriales historia oral\" data-ext=\"pdf\"\/>\n         <span class=\"title\">Din\u00e1micas territoriales historia oral<\/span>\n      <\/a>\n   <\/div>\n   <div class=\"document-icon\">\n      <a href=\"https:\/\/old.funproeibandes.org\/wp-content\/uploads\/2019\/04\/tesis-2019-Cuerpos-divergantes-Janina-Camacho-Camargo.pdf\" target=\"_blank\">\n         <img decoding=\"async\" src=\"https:\/\/old.funproeibandes.org\/wp-content\/plugins\/document-gallery\/assets\/icons\/pdf.png\" title=\"Cuerpos Divergentes\" alt=\"Cuerpos Divergentes\" data-ext=\"pdf\"\/>\n         <span class=\"title\">Cuerpos Divergentes<\/span>\n      <\/a>\n   <\/div>\n   <div class=\"document-icon\">\n      <a href=\"https:\/\/old.funproeibandes.org\/wp-content\/uploads\/2019\/04\/Tesis-Rosse-Mary-Gutierrez-Villca.pdf\" target=\"_blank\">\n         <img decoding=\"async\" src=\"https:\/\/old.funproeibandes.org\/wp-content\/plugins\/document-gallery\/assets\/icons\/pdf.png\" title=\"Triling\u00fc\u00edsmo flia. Chapare\" alt=\"Triling\u00fc\u00edsmo flia. Chapare\" data-ext=\"pdf\"\/>\n         <span class=\"title\">Triling\u00fc\u00edsmo flia. Chapare<\/span>\n      <\/a>\n   <\/div>\n   <div class=\"document-icon\">\n      <a href=\"https:\/\/old.funproeibandes.org\/wp-content\/uploads\/2022\/03\/Tesis-Atahuichi-Mamani-Rocio-Laura-y-Garcia-Flores-Daniel-Dorian.pdf\" target=\"_blank\">\n         <img decoding=\"async\" src=\"https:\/\/old.funproeibandes.org\/wp-content\/plugins\/document-gallery\/assets\/icons\/pdf.png\" title=\"Rupturas y continuidades identitarias en un contexto migratorio y de diversidad cultural\" alt=\"Rupturas y continuidades identitarias en un contexto migratorio y de diversidad cultural\" data-ext=\"pdf\"\/>\n         <span class=\"title\">Rupturas y continuidades identitarias en un contexto migratorio y de diversidad cultural<\/span>\n      <\/a>\n   <\/div>\n\n<\/div>\n<div class='document-icon-row'>\n   <div class=\"document-icon\">\n      <a href=\"https:\/\/old.funproeibandes.org\/wp-content\/uploads\/2022\/03\/Tesis-Daniela-Grageda-Gutierrez.pdf\" target=\"_blank\">\n         <img decoding=\"async\" src=\"https:\/\/old.funproeibandes.org\/wp-content\/plugins\/document-gallery\/assets\/icons\/pdf.png\" title=\"Eres mujer no debes jugar f\u00fatbol: Representaciones sociales del ser mujer futbolista que construyen las j\u00f3venes jugadoras de las categor\u00edas sub 14 a\u00f1os del Club Deportivo de F\u00fatbol Femenil Colcapirhua\" alt=\"Eres mujer no debes jugar f\u00fatbol: Representaciones sociales del ser mujer futbolista que construyen las j\u00f3venes jugadoras de las categor\u00edas sub 14 a\u00f1os del Club Deportivo de F\u00fatbol Femenil Colcapirhua\" data-ext=\"pdf\"\/>\n         <span class=\"title\">Eres mujer no debes jugar f\u00fatbol: Representaciones sociales del ser mujer futbolista que construyen las j\u00f3venes jugadoras de las categor\u00edas sub 14 a\u00f1os del Club Deportivo de F\u00fatbol Femenil Colcapirhua<\/span>\n      <\/a>\n   <\/div>\n   <div class=\"document-icon\">\n      <a href=\"https:\/\/old.funproeibandes.org\/wp-content\/uploads\/2022\/03\/Tesis-Leny-Vargas-Soria-y-Leny-Vargas-Soria.pdf\" target=\"_blank\">\n         <img decoding=\"async\" src=\"https:\/\/old.funproeibandes.org\/wp-content\/plugins\/document-gallery\/assets\/icons\/pdf.png\" title=\"Caracter\u00edsticas morfol\u00f3gicas de los enunciados del noticiero en quechua en el canal televisivo Bolivia TV entre los meses de febrero a junio 2020\" alt=\"Caracter\u00edsticas morfol\u00f3gicas de los enunciados del noticiero en quechua en el canal televisivo Bolivia TV entre los meses de febrero a junio 2020\" data-ext=\"pdf\"\/>\n         <span class=\"title\">Caracter\u00edsticas morfol\u00f3gicas de los enunciados del noticiero en quechua en el canal televisivo Bolivia TV entre los meses de febrero a junio 2020<\/span>\n      <\/a>\n   <\/div>\n   <div class=\"document-icon\">\n      <a href=\"https:\/\/old.funproeibandes.org\/wp-content\/uploads\/2022\/03\/Tesis-Rebeca-Perez-Santos-y-Maria-Teresa-Garcia-Torrez.pdf\" target=\"_blank\">\n         <img decoding=\"async\" src=\"https:\/\/old.funproeibandes.org\/wp-content\/plugins\/document-gallery\/assets\/icons\/pdf.png\" title=\"Saberes tradicionales de las plantas medicinales de la Comunidad de Ovejer\u00eda y su incorporaci\u00f3n al curriculum de la Unidad Educativa \u00abNazario Antezana Vargas\u00bb\" alt=\"Saberes tradicionales de las plantas medicinales de la Comunidad de Ovejer\u00eda y su incorporaci\u00f3n al curriculum de la Unidad Educativa \u00abNazario Antezana Vargas\u00bb\" data-ext=\"pdf\"\/>\n         <span class=\"title\">Saberes tradicionales de las plantas medicinales de la Comunidad de Ovejer\u00eda y su incorporaci\u00f3n al curriculum de la Unidad Educativa \u00abNazario Antezana Vargas\u00bb<\/span>\n      <\/a>\n   <\/div>\n   <div class=\"document-icon\">\n      <a href=\"https:\/\/old.funproeibandes.org\/wp-content\/uploads\/2022\/03\/Tesis-Reynaldo-Chichi-Canelas-Avendano.pdf\" target=\"_blank\">\n         <img decoding=\"async\" src=\"https:\/\/old.funproeibandes.org\/wp-content\/plugins\/document-gallery\/assets\/icons\/pdf.png\" title=\"An\u00e1lisis sem\u00e1ntico del discurso de la poblaci\u00f3n frente al colectivo DSG Cochabamba\" alt=\"An\u00e1lisis sem\u00e1ntico del discurso de la poblaci\u00f3n frente al colectivo DSG Cochabamba\" data-ext=\"pdf\"\/>\n         <span class=\"title\">An\u00e1lisis sem\u00e1ntico del discurso de la poblaci\u00f3n frente al colectivo DSG Cochabamba<\/span>\n      <\/a>\n   <\/div>\n\n<\/div>\n<div class='document-icon-row'>\n   <div class=\"document-icon\">\n      <a href=\"https:\/\/old.funproeibandes.org\/wp-content\/uploads\/2022\/03\/Tesis-Roger-Sanchez-Lopez.pdf\" target=\"_blank\">\n         <img decoding=\"async\" src=\"https:\/\/old.funproeibandes.org\/wp-content\/plugins\/document-gallery\/assets\/icons\/pdf.png\" title=\"El rol que cumple la familia en el proceso de rehabilitaci\u00f3n con pacientes farmacodependientes del Instituto Psiqui\u00e1trico \u00abSan Juan de Dios\u00bb\" alt=\"El rol que cumple la familia en el proceso de rehabilitaci\u00f3n con pacientes farmacodependientes del Instituto Psiqui\u00e1trico \u00abSan Juan de Dios\u00bb\" data-ext=\"pdf\"\/>\n         <span class=\"title\">El rol que cumple la familia en el proceso de rehabilitaci\u00f3n con pacientes farmacodependientes del Instituto Psiqui\u00e1trico \u00abSan Juan de Dios\u00bb<\/span>\n      <\/a>\n   <\/div>\n\n<\/div>\n<\/div>\n","protected":false},"excerpt":{"rendered":"","protected":false},"author":3,"featured_media":0,"parent":0,"menu_order":0,"comment_status":"closed","ping_status":"closed","template":"","meta":{"footnotes":"","_joinchat":[]},"_links":{"self":[{"href":"https:\/\/old.funproeibandes.org\/index.php?rest_route=\/wp\/v2\/pages\/1481"}],"collection":[{"href":"https:\/\/old.funproeibandes.org\/index.php?rest_route=\/wp\/v2\/pages"}],"about":[{"href":"https:\/\/old.funproeibandes.org\/index.php?rest_route=\/wp\/v2\/types\/page"}],"author":[{"embeddable":true,"href":"https:\/\/old.funproeibandes.org\/index.php?rest_route=\/wp\/v2\/users\/3"}],"replies":[{"embeddable":true,"href":"https:\/\/old.funproeibandes.org\/index.php?rest_route=%2Fwp%2Fv2%2Fcomments&post=1481"}],"version-history":[{"count":5,"href":"https:\/\/old.funproeibandes.org\/index.php?rest_route=\/wp\/v2\/pages\/1481\/revisions"}],"predecessor-version":[{"id":1874,"href":"https:\/\/old.funproeibandes.org\/index.php?rest_route=\/wp\/v2\/pages\/1481\/revisions\/1874"}],"wp:attachment":[{"href":"https:\/\/old.funproeibandes.org\/index.php?rest_route=%2Fwp%2Fv2%2Fmedia&parent=1481"}],"curies":[{"name":"wp","href":"https:\/\/api.w.org\/{rel}","templated":true}]}}